. Suppose -b*m + 21 = 1. What is the remainder when m is divided by 4?
2
Let x = -37 - -40. Calculate the remainder when 17 is divided by x.
2
Let i be (-164)/(-8) + (-1)/(-2). Let z = i - 10. Calculate the remainder when 32 is divided by z.
10
Let w(z) = 75*z**3 - 2*z**2 + 2*z - 1. Let j be w(1). Suppose 2*d - 4*v = 86, -2*d - 4*v + 28 + j = 0. What is the remainder when d is divided by 12?
11
Let k be 2/(-3)*(-6)/4. Let x be -1*(-2 + 0)*k. What is the remainder when 37 is divided by -1*((-4)/x + -11)?
11
Suppose 4*h = -0*h + 124. What is the remainder when h is divided by (-100)/30*5/((-50)/24)?
7
Let y = -4 + 6. Let x be -1 + 0 + y - -2. Suppose -56 = -m - x*m. Calculate the remainder when 26 is divided by m.
12
Let r = -20 + 23. Suppose r*y - 3*s - 105 = 0, -y + 47 = -0*y + 2*s. What is the remainder when y is divided by 10?
9
Let w be ((3 - 9) + 0)/(-2). Suppose 2*d - 125 = -w*d. Calculate the remainder when d is divided by 14.
11
Let b(i) = -6*i - 12. Calculate the remainder when 32 is divided by b(-5).
14
Let z(v) = -v. Let r(h) = -h**2 + 6*h - 18. Let t(j) = -r(j) - 6*z(j). Calculate the remainder when 69 is divided by t(0).
15
Let x be (-1)/5 - 231/(-55). Suppose -4*b + 79 = -21. What is the remainder when b is divided by (2/x)/((-1)/(-26))?
12
Let p = 68 + -38. What is the remainder when p is divided by 11?
8
Suppose h + 5*q - 11 - 4 = 0, 2*h = 4*q + 16. Let f(o) = -o - 2. Let m be f(-6). What is the remainder when (19/(-4))/(m/(-16)) is divided by h?
9
Suppose -2*h - 4*z - 220 = -6*h, -h + 59 = 3*z. What is the remainder when h is divided by -3*2/(2/(-5))?
11
Let u(o) = -o**2 - 24*o - 18. Calculate the remainder when 16 is divided by u(-23).
1
Let b = -4 - -13. What is the remainder when 30 is divided by b?
3
Suppose 9*f + 96 = 15*f. Calculate the remainder when 72 is divided by f.
8
Suppose 3*o = -0*o + 24. Let h = 35 - 6. Calculate the remainder when h is divided by o.
5
Let t = -2 - -1. Let s be (t/(-2))/(1/(-4)). What is the remainder when 14 is divided by (-10 - 2)/(3/s)?
6
Suppose 5*b - 22 = -2*l, -2*b - 3*b = -l - 34. Suppose -3*z + 5*z = -5*m + 1, 0 = -2*z - 4*m + b. Calculate the remainder when z is divided by 8.
5
Let u(s) = s - 1. Let i be u(1). Suppose i = -v + 4*v - 207. Let h = 23 + -5. What is the remainder when v is divided by h?
15
Let c be 6 + 0 - (-3)/(-1). Suppose -c*b + 36 = 4*l, -3*l + 2*b = 3*b - 27. Calculate the remainder when 23 is divided by l.
5
Let s = -86 - -141. Calculate the remainder when s is divided by 20.
15
Suppose 4*s = -15 + 263. Suppose -2*a = -76 - s. Calculate the remainder when 42 is divided by 2/(-4) - a/(-6).
9
Suppose -5*z + 30 = 5. Suppose -3*v - 44 = -z*j, -3*j - 4*v + 0*v = -9. Let b = 14 + -10. Calculate the remainder when j is divided by b.
3
Suppose -7*a = -2*a - 55. Calculate the remainder when a is divided by 3.
2
Let q(i) = i - 2. Let s be q(2). Suppose 0 = 5*v + 3*k - 65, s = 2*v - 3*k - 5 - 21. What is the remainder when v is divided by 8?
5
Suppose 0*j = j - 7. Suppose 2*g + j - 47 = 0. Let c(q) = q**2 + 18*q - 56. Calculate the remainder when g is divided by c(-21).
6
Let j = 29 - 19. Let a(h) = 2*h**2 + 10*h + 29. Calculate the remainder when a(-5) is divided by j.
9
Let p be (8/(-5))/((-4)/10). Suppose p*o = -o. Suppose o = 2*h - 6*h + 24. What is the remainder when 11 is divided by h?
5
Suppose 0 = 3*x + f - 26, -17 = -3*x - 2*f + 11. Calculate the remainder when 39 is divided by x.
7
Let z = 337 - 194. What is the remainder when z is divided by 16?
15
Let i = 67 - 40. Calculate the remainder when i is divided by 10.
7
Suppose 4*o - 7 - 5 = 0. Suppose -66 = -6*i + o*i. Suppose 2*t + 8 = q, q - 4*t - 6 = 2. What is the remainder when i is divided by q?
6
Let d(h) = h + 12. What is the remainder when 83 is divided by d(2)?
13
Let z = -30 - -46. Calculate the remainder when 94 is divided by z.
14
Let t = -11 + 4. Let v = t + 39. Calculate the remainder when v is divided by 17.
15
Suppose 36 = p + 10. What is the remainder when 43 is divided by p?
17
Let y be 18/12 - 5/(-2). Suppose 185 + 7 = y*a. What is the remainder when a is divided by 13?
9
Let o = -2 - -42. Let p = o - 17. What is the remainder when 67 is divided by p?
21
Let w = 0 - 8. Let r = w - -9. Calculate the remainder when 1 is divided by r.
0
Let k(h) = 17*h**2 - 2*h - 1. What is the remainder when 88 is divided by k(-1)?
16
Let s = 71 - 22. Calculate the remainder when 96 is divided by s.
47
Let d(q) = -6*q - 2. Let o be d(-2). Let p(j) = -j**3 + 9*j**2 + 14*j - 12. What is the remainder when p(o) is divided by 10?
8
Calculate the remainder when 12/20 - 1514/(-10) is divided by 22.
20
Suppose -4*b + 5*b = 28. What is the remainder when b is divided by 10?
8
Let c be (-1)/2 - 7/(-2). Suppose 0 = -z - 3*a + 6, c*z + 2*z + 5*a - 50 = 0. Suppose 0*u - u + z = 0. Calculate the remainder when 22 is divided by u.
10
Let c(t) = -t**3 - 9*t**2 - 13*t - 10. Let h be c(-8). Suppose 74 = 3*k - 61. Suppose 5*o = h + k. What is the remainder when 28 is divided by o?
13
Let o = 51 + -31. Calculate the remainder when o is divided by 3/((-57)/33 - -2).
9
Suppose 3*k - 2*c - 70 = 0, c - 1 = -0*c. Suppose -4*a - 57 = -333. Calculate the remainder when a is divided by k.
21
Let g(a) = 11*a**2 + 5*a - 11. Calculate the remainder when g(2) is divided by 16.
11
Suppose d = -5*i - 52, -3*i - i - 3*d = 35. Let w = i + 14. Let j(x) = x + 4. Calculate the remainder when j(0) is divided by w.
1
Let y be 9/(-3 - -4 - 0). Let h = y - -1. Calculate the remainder when 28 is divided by h.
8
Suppose -b - o = -99, -2*b + o = b - 313. Calculate the remainder when b is divided by 21.
19
Suppose 7*y - y - 444 = 0. What is the remainder when y is divided by 25?
24
Let r = 3 - -20. What is the remainder when 132 is divided by r?
17
Calculate the remainder when 143 is divided by (-3)/(-4) + (791/4)/7.
27
Let d = 51 - 29. Let b = -6 + d. What is the remainder when (-2)/(-6) + (-137)/(-3) is divided by b?
14
Let c = 71 + -2. Let z = -44 + c. What is the remainder when z is divided by 14?
11
Suppose -45 = -3*k - 9. Suppose -2*r = 10 - 54. Calculate the remainder when r is divided by k.
10
Suppose -n = 3*n - 212. Calculate the remainder when n is divided by 11.
9
Let t(d) = d**3 + 7*d**2 + 6*d + 4. Let y be t(-6). Suppose 53 = y*l - 5*v, -2*v + v = 2*l - 9. What is the remainder when l is divided by 3?
1
Suppose -2*h = 3*h - 110. Suppose 4*o = -0*o + 48. Calculate the remainder when h is divided by o.
10
Let f be ((-10)/(-3))/(4/(-12)). Let q(h) = -h**2 - 13*h - 4. Calculate the remainder when 49 is divided by q(f).
23
Suppose 2*o - 3*w = -1, 0 = 3*o - 2*w - w - 3. Let m = 92 + -82. Calculate the remainder when m is divided by o.
2
Let s(i) = i**2 + 7*i + 2. Let d be s(-7). Let x = 4 - d. What is the remainder when 6 is divided by x?
0
Let q = -1 + 27. Calculate the remainder when 51 is divided by q.
25
Let x(p) = -4*p**3 - 3*p**2 - 3*p. Suppose -3*j + 1 - 6 = n, -5*n = 2*j + 12. What is the remainder when 76 is divided by x(n)?
24
Let m(x) = 74*x - 2. Let p be m(-4). Let f = p - -193. Let t = -68 - f. Calculate the remainder when t is divided by 19.
18
Suppose 0*s - b = 4*s - 22, 24 = 4*s + 2*b. Suppose 4 = -s*g + 79. What is the remainder when 28 is divided by g?
13
Suppose 0 = 4*w - 72 - 24. Suppose -7*t + 2*t = 65. Calculate the remainder when w is divided by (t/(-4))/((-2)/(-8)).
11
Let x = -26 + 66. Suppose -x = -3*k + 80. Calculate the remainder when k is divided by 7/(8/6 - 1).
19
Let m = 45 + 16. Suppose -22*o = -0*o - 352. Calculate the remainder when m is divided by o.
13
Suppose -5*j + 531 = 76. What is the remainder when j is divided by 23?
22
Let f be (-11)/((1/1)/1). Let o = -7 - f. Suppose -o*i + 2 = -3*i. What is the remainder when i is divided by 1?
0
Suppose -2*s - 18 = -5*s. Calculate the remainder when 26 is divided by s.
2
Let q = -24 + 6. What is the remainder when 8/(-36) + (-364)/q is divided by 7?
6
What is the remainder when 4 is divided by (-3 - (-3 + 3))*-1?
1
Let p be (-4)/(-18) + 328/(-18). Calculate the remainder when 4 is divided by (24/p)/((-2)/3).
0
Let j = -23 + 22. Suppose -4*o - 8 = m, 3*o - 2*m - 9 = 4*o. Calculate the remainder when 21 is divided by (8 - j) + (-3)/o.
9
Let k be (4/(-3))/(2/(-3)). Suppose 1 = d